{"id":10085,"date":"2024-04-24T16:19:09","date_gmt":"2024-04-24T13:19:09","guid":{"rendered":"https:\/\/www.allsences.com\/?post_type=product&#038;p=10085"},"modified":"2026-04-10T14:02:02","modified_gmt":"2026-04-10T11:02:02","slug":"allsences-terra-denim-bustier","status":"publish","type":"product","link":"https:\/\/www.allsences.com\/en\/product\/allsences-terra-denim-bustier\/","title":{"rendered":"Allsences Terra Denim Bustier"},"content":{"rendered":"","protected":false},"excerpt":{"rendered":"<p>Kot b\u00fcstiyer, son y\u0131llarda hem g\u00fcnl\u00fck hem de \u00f6zel g\u00fcnler i\u00e7in tercih edilen \u00e7ok y\u00f6nl\u00fc ve \u015f\u0131k bir par\u00e7ad\u0131r.<br \/>\n\u0130\u00e7i astarl\u0131, yandan fermuarl\u0131, \u00f6nden d\u00fc\u011fme detayl\u0131 ve kapak cep g\u00f6r\u00fcn\u00fcml\u00fc.<\/p>\n<p>%80 Cotton %20 Pes<br \/>\nModel Boy: 1.78 Beden: 36<\/p>\n<p><a title=\"Trendyol'da sat\u0131n al\" href=\"https:\/\/www.trendyol.com\/pd\/allsences\/terra-denim-bustier-p-824507845?boutiqueId=61&amp;merchantId=771583&amp;filterOverPriceListings=false\" target=\"_blank\" rel=\"noopener\"><img loading=\"lazy\" decoding=\"async\" class=\"alignnone wp-image-8760\" src=\"https:\/\/www.allsences.com\/wp-content\/uploads\/2022\/11\/Trendyol_online.png\" alt=\"Trendyol'da sat\u0131n al\" width=\"181\" height=\"61\" srcset=\"https:\/\/www.allsences.com\/wp-content\/uploads\/2022\/11\/Trendyol_online.png 640w, https:\/\/www.allsences.com\/wp-content\/uploads\/2022\/11\/Trendyol_online-400x135.png 400w, https:\/\/www.allsences.com\/wp-content\/uploads\/2022\/11\/Trendyol_online-18x6.png 18w, https:\/\/www.allsences.com\/wp-content\/uploads\/2022\/11\/Trendyol_online-430x145.png 430w, https:\/\/www.allsences.com\/wp-content\/uploads\/2022\/11\/Trendyol_online-150x51.png 150w\" sizes=\"auto, (max-width: 181px) 100vw, 181px\" \/><\/a><\/p>","protected":false},"featured_media":10088,"template":"","meta":{"_sitemap_exclude":false,"_sitemap_priority":"","_sitemap_frequency":""},"product_brand":[],"product_cat":[82],"product_tag":[],"class_list":{"0":"post-10085","1":"product","2":"type-product","3":"status-publish","4":"has-post-thumbnail","6":"product_cat-neon-glow","8":"first","9":"outofstock","10":"shipping-taxable","11":"purchasable","12":"product-type-variable"},"_links":{"self":[{"href":"https:\/\/www.allsences.com\/en\/wp-json\/wp\/v2\/product\/10085","targetHints":{"allow":["GET"]}}],"collection":[{"href":"https:\/\/www.allsences.com\/en\/wp-json\/wp\/v2\/product"}],"about":[{"href":"https:\/\/www.allsences.com\/en\/wp-json\/wp\/v2\/types\/product"}],"wp:featuredmedia":[{"embeddable":true,"href":"https:\/\/www.allsences.com\/en\/wp-json\/wp\/v2\/media\/10088"}],"wp:attachment":[{"href":"https:\/\/www.allsences.com\/en\/wp-json\/wp\/v2\/media?parent=10085"}],"wp:term":[{"taxonomy":"product_brand","embeddable":true,"href":"https:\/\/www.allsences.com\/en\/wp-json\/wp\/v2\/product_brand?post=10085"},{"taxonomy":"product_cat","embeddable":true,"href":"https:\/\/www.allsences.com\/en\/wp-json\/wp\/v2\/product_cat?post=10085"},{"taxonomy":"product_tag","embeddable":true,"href":"https:\/\/www.allsences.com\/en\/wp-json\/wp\/v2\/product_tag?post=10085"}],"curies":[{"name":"wp","href":"https:\/\/api.w.org\/{rel}","templated":true}]}}

<p>Kot büstiyer, son yıllarda hem günlük hem de özel günler için tercih edilen çok yönlü ve şık bir parçadır.<br />
İçi astarlı, yandan fermuarlı, önden düğme detaylı ve kapak cep görünümlü.</p>
<p>%80 Cotton %20 Pes<br />
Model Boy: 1.78 Beden: 36</p>
<p><a title="Trendyol'da satın al" href="https://www.trendyol.com/pd/allsences/terra-denim-bustier-p-824507845?boutiqueId=61&amp;merchantId=771583&amp;filterOverPriceListings=false" target="_blank" rel="noopener"><img loading="lazy" decoding="async" class="alignnone wp-image-8760" src="https://www.allsences.com/wp-content/uploads/2022/11/Trendyol_online.png" alt="Trendyol'da satın al" width="181" height="61" srcset="https://www.allsences.com/wp-content/uploads/2022/11/Trendyol_online.png 640w, https://www.allsences.com/wp-content/uploads/2022/11/Trendyol_online-400x135.png 400w, https://www.allsences.com/wp-content/uploads/2022/11/Trendyol_online-18x6.png 18w, https://www.allsences.com/wp-content/uploads/2022/11/Trendyol_online-430x145.png 430w, https://www.allsences.com/wp-content/uploads/2022/11/Trendyol_online-150x51.png 150w" sizes="auto, (max-width: 181px) 100vw, 181px" /></a></p>
